 + f + 3. Let l(d) = a(d) + 5*c(d). Calculate l(-8).
0
Let x(v) = -v**3 + 13*v**2 - 12*v + 2. Let d be x(12). Let u(l) = l + d*l - l + l + 3. Let a(p) = -2*p + 4. Let o be a(3). Determine u(o).
-3
Let y(n) = -130*n**3 + 16*n**2 - 5*n - 19. Let m(t) = 43*t**3 - 6*t**2 + 2*t + 7. Let o(c) = 8*m(c) + 3*y(c). Determine o(1).
-46
Let a(t) = -t**2 - t + 6. Suppose -4*u + 5 = s, 0 = -2*s + 7*s - 4*u - 1. Suppose 0 = -j - 4 + s. Let m be (4 - (6 + j))*0. What is a(m)?
6
Let n(i) = -i**3 + 6*i**2 + 3*i - 2. Let j = -41 - -47. Determine n(j).
16
Let z(p) = 10*p**2 - 20*p - 4. Let f(j) = -2*j**2 + 4*j + 1. Let y(l) = 14*f(l) + 3*z(l). What is y(2)?
2
Let i(h) = 3*h + 3. Let r(c) = 5*c + 4. Let w(v) = 8*i(v) - 5*r(v). What is w(12)?
-8
Let x(i) be the third derivative of i**5/60 + i**4/8 - i**3/3 - 366*i**2. Determine x(-5).
8
Suppose 0 = -2*t + 4 - 0. Let y = -7 + t. Let n(g) = -9*g**2 - 14*g + 6. Let j(p) = 20*p**2 + 30*p - 12. Let b(s) = -4*j(s) - 9*n(s). Determine b(y).
-11
Let d(o) be the third derivative of -o**5/60 - o**4/2 - 11*o**3/6 - 33*o**2 + 2. What is d(-12)?
-11
Let d(a) = -3 - 5*a + 9*a - 3*a. Let h be (-581)/(-4648) + (45/(-8))/(-3). Calculate d(h).
-1
Let q(u) be the second derivative of 0 + 1/3*u**3 - 4*u + 3*u**2. Let h = -322 + 317. Give q(h).
-4
Let r = -83 - -77. Let a(l) = -l**3 - 5*l**2 + 5. Let x(i) = -2*i**3 - 10*i**2 - i + 11. Let d(v) = -9*a(v) + 4*x(v). Determine d(r).
-13
Suppose 9*a - 46 = -28. Let b(m) be the third derivative of -1/4*m**4 + 0*m - 1/60*m**5 + 0 + 5*m**a + 1/6*m**3. What is b(-6)?
1
Suppose 6*a - 9*a + 33 = 0. Suppose -1 = 2*n + a. Let y(j) = -j**2 - 7*j. Calculate y(n).
6
Let m be (-4959)/38*(-2)/3. Let i = m - 86. Let d(r) = -3*r. Give d(i).
-3
Let t(u) = u + 1. Let q(a) = 16 - 33 + 9 - a. Let o(h) = -q(h) - 6*t(h). Determine o(3).
-13
Let v(w) = -7*w**2 - 3*w - 1. Let q be ((-40)/50)/(1 - -1)*5. What is v(q)?
-23
Let d = -751 + 756. Let o(l) = -l**3 + 7*l**2 - 2*l + 3. Calculate o(d).
43
Let n(t) = -t**2 + 3. Let m(r) = -3*r**2 - r - 1. Suppose 2*o = -2*a - 8, -2*o + 3 = 9. Let l be m(a). What is n(l)?
-6
Let n(r) = r**3 - 5*r**2 + r - 3. Let x(f) = -2*f**3 + 10*f**2 - 2*f + 7. Let b(v) = -9*n(v) - 4*x(v). Give b(4).
11
Let k(i) = 7*i - 9. Let r(a) = -6*a + 7. Let l(z) = -3*k(z) - 4*r(z). Calculate l(-6).
-19
Let g(t) be the first derivative of t**3/3 - t - 1. Let l(s) be the first derivative of 4*s**3/3 + s**2 - s - 323. Let f(q) = -2*g(q) + l(q). Determine f(-1).
1
Let r(p) = -22*p**2 + 84*p + 5. Let n be r(4). Let i(j) = j**3 + 10*j**2 - 10*j + 12. What is i(n)?
1
Let f(z) = -4*z - 6. Let j = -269 - -266. Calculate f(j).
6
Let g(q) = q + 6. Let t(v) = -v**3 - 6*v**2 - 6*v + 7. Let n be t(-5). Suppose -54 - 18 = n*w. Calculate g(w).
0
Let o(k) = -k**2 + 7*k - 6. Let j be o(5). Let v(q) = -j - q + 3 + 8 + 3. Give v(6).
4
Let m = -4 + -1. Let s(v) = -7*v**3 - 3*v**2. Let i(d) = -8*d**3 - 3*d**2 - d + 1. Let j(u) = 6*i(u) - 7*s(u). What is j(m)?
-14
Let n(l) = -9 + 2*l + 3*l - 3*l + 15 - 3*l. Give n(7).
-1
Let w(c) = -4*c + 1 - 641*c**2 + 1281*c**2 - 639*c**2. Determine w(7).
22
Let c(w) be the third derivative of w**5/60 - 13*w**4/24 + 3*w**3/2 + 195*w**2. Determine c(6).
-33
Let f(w) = -25*w + 25*w + 2 - 6*w**2 - 2*w. Determine f(-3).
-46
Let t(d) = -3*d**2 - 4*d**2 + 6*d - 4 + 6*d**2 - 2. Let g be (-4 - 450/(-99))/((-6)/(-44)). Determine t(g).
2
Let j(s) = -2*s**2 + 10*s + 5. Let d(f) = -361*f**2 + 10*f + 357*f**2 + 9*f + 10. Let r(k) = -6*d(k) + 11*j(k). Determine r(4).
11
Let h be (-28)/(-8)*(1 - 3). Let d(s) be the first derivative of 7/2*s**2 - 3*s + 1/3*s**3 - 4. What is d(h)?
-3
Let s(d) = d**3 - 13*d**2 - 2*d + 3. Let q(j) = -2*j**3 - 6*j**2 - 2*j + 13. Let o be q(0). Determine s(o).
-23
Let n(r) = -226*r**2 - 3 + 8*r - 6*r + 227*r**2. Give n(3).
12
Let y(u) be the third derivative of -u**5/60 - u**4/12 + u**3/2 - 62*u**2. Give y(-4).
-5
Let h(w) = -4*w - 8. Let q(k) = -k - 2. Let r(p) = h(p) - 5*q(p). Suppose s + 0 = -1. Let f = s - 4. Determine r(f).
-3
Suppose 63*m - 53 = -179. Let b(q) = 2*q**2 + 3*q - 1. Determine b(m).
1
Let u(q) = 13*q - 8. Let n(b) = 25*b + 353. Let k be n(-14). Determine u(k).
31
Let f = 7 - 3. Suppose -45 + 17 = -f*a. Let d(k) = 7*k - k - a + 8. Give d(1).
7
Suppose 0*t = -8*t + 32. Let v be 576/(-324) + (-3)/(54/t). Let g(i) = -2*i - 1. Give g(v).
3
Let g = 11 - 7. Let l(k) = 5*k**3 + 5*k**2 - 10*k - 1. Let u(p) = -6*p**3 - 7*p**2 + 11*p + 2. Let n = 196 - 200. Let d(b) = n*u(b) - 5*l(b). What is d(g)?
5
Let r(w) = 5*w**2 - 12*w + 6. Let v(z) = -4*z**2 + 11*z - 7. Let k(d) = 5*r(d) + 6*v(d). Let u(x) be the first derivative of k(x). Determine u(-5).
-4
Let v = -20 + 20. Let s(d) = -3 - 3*d - 29*d**2 + v*d - 14*d**3 - 18*d. Let n(t) = -5*t**3 - 10*t**2 - 7*t - 1. Let o(k) = -11*n(k) + 4*s(k). Determine o(-5).
9
Let j(y) = y**3 - 4*y**2 - 6*y. Let x be j(5). Let l(k) = -4*k**3 - k + 5*k**3 + 5*k**2 - 400 + 401. Calculate l(x).
6
Let a(j) = -j - 19 - 62 + 71 - j. Give a(0).
-10
Let u(d) = 151 - 152 - 2*d**2 - 16*d + 22*d. Give u(4).
-9
Let d(z) = -z**3 + 5*z**2 + 8*z - 7. Let x be (-6 - -5)/(1/(-7)). Give d(x).
-49
Suppose -j = -6*j + 10. Let x(g) be the second derivative of 29*g - 1/3*g**3 + 3/2*g**2 + 0 + 1/12*g**4. Determine x(j).
3
Let l(j) be the first derivative of j**5/60 + j**4/4 + j**3/2 + 33*j**2/2 - 4. Let z(y) be the second derivative of l(y). What is z(-5)?
-2
Let z(d) = 4*d - 81. Suppose -3*n - 10 = -l - 4, -4*l = n - 89. Determine z(l).
3
Let f(g) = 4*g**3. Suppose -1 + 4 = n. Suppose n*l - k + 3 = k, -3*l = 2*k + 3. Determine f(l).
-4
Let d(t) = t**3 + 3*t**2 - 2*t. Let k(l) = -3*l**3 - 11*l**2 + 8*l + 5. Let i(a) = 2*d(a) + k(a). Give i(-6).
17
Let f(z) = 2*z**2 - 3*z - 3. Let i = -20 - -25. Calculate f(i).
32
Let l(g) = g**2 - 9*g + 25. Let a be l(6). Let h(o) = -9*o + 6. Determine h(a).
-57
Let x(o) = -o - 12. Suppose 2*z - 79 = 63. Let t = z - 71. What is x(t)?
-12
Let n(z) be the second derivative of -z**4/12 - z**3/2 + 19*z**2/2 - 9*z + 37. Give n(0).
19
Let u(v) = -v**2 + 2*v - 3. Suppose 3*a - 3*w = 15, 14 = 4*a - 0*a - 2*w. Suppose 4*g = 3*o + 3, 0 = 4*g - 2*o - a*o. Calculate u(g).
-6
Let q(h) = -h**3 + h**2 + h - 2. Suppose -4*c + 4 = -2*b - 10, -c = -4*b. Suppose 3*t + c*l - 1 = -3, 0 = -2*l - 4. Give q(t).
-4
Suppose -7 = 2*f - 1, l = -2*f. Let t(y) = -y**2 + 4*y - 4. What is t(l)?
-16
Let t(o) = o**2 - 6*o - 20. Let m(l) = -l**2 + 6*l + 20. Let u(r) = 5*m(r) + 6*t(r). What is u(9)?
7
Let z(f) = 3*f**2 + 38*f + 90. Let r be z(-9). Let t(y) = -y**3 - 9*y**2 - 3*y - 15. Determine t(r).
12
Suppose 0 = 6*n - 4 - 2. Let m be 2 + 1/n + (-5)/5. Let a(x) = x**3 + x + 2. What is a(m)?
12
Suppose -5*q = -0*q + 30. Let w(f) = 2*f**3 + 3*f**3 + 7 - 9*f**2 - 6*f**3 + 3*f**2. Give w(q).
7
Let m(g) = 4*g**2 - g. Let w be m(1). Let r(f) = w - 3*f + 1 - 3 - f**2 - 2. Calculate r(-4).
-5
Let n be ((-2)/6)/((-9)/27). Let p(d) = -9*d + 2*d + 5*d - 1 + 13*d. Determine p(n).
10
Let f(i) = -i**3 - 2*i**2 + 4*i + 2. Let h = -35 + 31. Give f(h).
18
Let u(h) = 57*h**3 - 21*h + 49. Let d(n) = -11*n**3 + 4*n - 9. Let x(g) = -11*d(g) - 2*u(g). Give x(1).
6
Let o(b) be the first derivative of -b**3/3 + 7*b + 10. Let y(z) = -z**3 + 3*z**2 + z - 3. Let j be y(3). Give o(j).
7
Let u(w) be the third derivative of 0*w**3 + 0*w + 1/120*w**6 - 43 - 2*w**2 - 1/60*w**5 + 1/24*w**4. Suppose 5*s = -5*t - 5, s + 2 - 5 = -3*t. Calculate u(t).
6
Let f(y) = 3*y + 13. Let p be 65/(-8) + (-10)/(-80). Give f(p).
-11
Let t(z) = 29*z - 45*z - z**2 - 2 + 8*z. Give t(-7).
5
Let v(z) = z**3 - 3*z**2 - 3*z + 4. Let n be v(3). Let c(g) = g. Let w be c(n). Let u = w + 4. Let t(r) = -9*r. Give t(u).
9
Let p(k) be the first derivative of k**5/60 + k**4/6 - k**3/6 - k**2/2 + 2. Let o(x) be the second derivative of p(x). Suppose 12 = -2*c - c. Calculate o(c).
-1
Let l = 5 + -3. Suppose l + 0 = a. Let k(c) = -2 - 3 - c**2 + 3 + 2*c**a - 3*c. Calculate k(5).
8
Let q(w) = -w**3 + 2*w**2 - w + 2. Let m = -4 - -9. Suppose -o - 10 = -2*o - m*p, -3 = -3*p. Suppose -o*y = -2*y - 6. What is q(y)?
0
Let m(i) = 153*i - 300*i + 152*i - i**2 - 6. Calculate m(5).
-6
Let o(b) = b**3 - b**2 + b + 38. Let p be (-4)/(-3) + (9 - (-124)/(-12)). Determine o(p).
38
Let z be (5 - 2)*(-182)/39. Let c(w) = -2*w - 21. What